True
Does 2533 divide 1460988806?
True
Is 73 a factor of 1090729792?
True
Is 13 a factor of 1877999201?
True
Does 2706 divide 31294890?
True
Does 653 divide 4948434?
True
Is 4005 a factor of 57888270?
True
Is 29613792 a multiple of 252?
False
Does 40 divide 20654660?
False
Is 72081513 a multiple of 289?
True
Does 12 divide 39301829?
False
Does 12 divide 680223384?
True
Is 85001060 a multiple of 190?
True
Does 342 divide 1308283420?
False
Does 507 divide 80622203?
False
Does 86 divide 326535894?
True
Is 539865638 a multiple of 26?
True
Is 1473498012 a multiple of 2217?
True
Is 13237980 a multiple of 210?
True
Does 249 divide 3130093?
False
Does 21 divide 1150993717?
False
Does 8 divide 83014494?
False
Does 139 divide 10795991?
True
Is 213765599 a multiple of 731?
True
Is 499 a factor of 2529561239?
True
Is 69 a factor of 10642974?
True
Is 180 a factor of 899920456?
False
Is 45804114 a multiple of 278?
True
Is 1089 a factor of 247569993?
True
Is 2275 a factor of 2030196350?
True
Does 193 divide 558928?
True
Does 92 divide 798828725?
False
Is 931 a factor of 10616183?
False
Is 13401 a multiple of 15?
False
Is 7063292 a multiple of 2?
True
Does 3 divide 26677177?
False
Does 24 divide 183790868?
False
Is 99 a factor of 204602?
False
Is 20467847 a multiple of 289?
True
Is 11 a factor of 728072?
False
Is 164944 a multiple of 676?
True
Is 43167090 a multiple of 219?
True
Is 62 a factor of 220411300?
False
Is 243675655 a multiple of 1348?
False
Is 218011 a multiple of 732?
False
Is 2042952895 a multiple of 1405?
True
Is 23 a factor of 127808470?
True
Is 5130 a factor of 2509471539?
False
Is 490290276 a multiple of 14?
True
Is 517735578 a multiple of 11?
False
Does 6126 divide 1617179117?
False
Does 348 divide 55893112?
False
Is 16 a factor of 183348352?
True
Is 108860157 a multiple of 2930?
False
Does 296 divide 2285416?
True
Is 1030242120 a multiple of 233?
True
Is 32413895 a multiple of 14?
False
Does 6271 divide 2318300906?
True
Is 43 a factor of 1974304330?
False
Is 32 a factor of 16388128?
True
Does 8 divide 118945364?
False
Does 22 divide 3951703?
False
Is 18 a factor of 81623612?
False
Is 835460526 a multiple of 123?
True
Does 91 divide 135464966?
True
Does 155 divide 263012525?
True
Is 1647761522 a multiple of 3889?
True
Does 148 divide 58321221?
False
Is 360 a factor of 1398240?
True
Does 214 divide 3532554959?
False
Is 51813209 a multiple of 19?
True
Is 255355911 a multiple of 147?
False
Is 87 a factor of 145830910?
False
Does 72 divide 32630560?
False
Does 765 divide 1078985518?
False
Does 8 divide 2520514976?
True
Does 1131 divide 63467196?
True
Is 21 a factor of 1346625?
True
Is 691652245 a multiple of 218?
False
Is 15 a factor of 192260580?
True
Does 99 divide 7433457?
False
Is 104802065 a multiple of 3?
False
Does 16 divide 30817664?
True
Is 23757992 a multiple of 198?
False
Is 31037152 a multiple of 534?
False
Is 747 a factor of 1495672252?
False
Is 1769 a factor of 72471709?
False
Is 785 a factor of 91725680?
True
Does 16 divide 57362173?
False
Does 33 divide 11264552?
False
Is 11321380 a multiple of 772?
True
Does 22 divide 12396107?
False
Does 13 divide 81886363?
True
Does 286 divide 6734442?
True
Is 150587837 a multiple of 61?
False
Is 42 a factor of 74343444?
True
Is 622 a factor of 72280731?
False
Is 710072123 a multiple of 14?
False
Is 96848262 a multiple of 3477?
False
Is 20981916 a multiple of 837?
True
Is 169 a factor of 1863697312?
False
Is 185 a factor of 11769515?
True
Is 184956975 a multiple of 7796?
False
Does 16 divide 83916130?
False
Is 31106982 a multiple of 6?
True
Is 4 a factor of 131551405?
False
Is 211779458 a multiple of 634?
True
Is 362 a factor of 745493026?
True
Is 16 a factor of 60958068?
False
Is 15 a factor of 86484332?
False
Does 6 divide 7079446?
False
Does 4 divide 77526855?
False
Does 29 divide 9003572?
True
Is 54818893 a multiple of 491?
False
Does 4068 divide 65744771?
False
Does 128 divide 6717936?
False
Does 183 divide 185756163?
True
Does 4908 divide 75304549?
False
Is 156 a factor of 378301169?
False
Does 1290 divide 39513990?
True
Is 3335809 a multiple of 2?
False
Is 245 a factor of 409788142?
False
Is 90377938 a multiple of 346?
False
Is 178 a factor of 2981848534?
False
Is 78 a factor of 325507338?
True
Is 14144040 a multiple of 389?
True
Does 55 divide 146643527?
False
Is 99255180 a multiple of 186?
True
Is 12 a factor of 50208432?
True
Is 2290821039 a multiple of 15?
False
Is 10363073 a multiple of 2?
False
Does 44 divide 368156800?
True
Does 33 divide 27628521?
False
Is 302993238 a multiple of 258?
False
Is 708 a factor of 16365728?
False
Is 4660 a factor of 352441879?
False
Does 2384 divide 66654514?
False
Is 641 a factor of 171021364?
True
Is 23977883 a multiple of 28?
False
Does 1366 divide 37535312?
False
Is 1339 a factor of 1121578091?
False
Does 637 divide 603729165?
False
Is 3210589 a multiple of 7?
False
Does 5 divide 5940021?
False
Does 34 divide 101031076?
False
Is 298443233 a multiple of 1240?
False
Is 96 a factor of 49401216?
True
Is 4 a factor of 35167358?
False
Does 32 divide 43080615?
False
Is 50182056 a multiple of 1116?
True
Is 501853792 a multiple of 3256?
True
Does 5 divide 384386?
False
Is 2243 a factor of 317877960?
True
Is 13 a factor of 84451627?
True
Does 375 divide 2144126?
False
Is 109854964 a multiple of 27?
False
Does 16 divide 46777136?
True
Does 41 divide 15606650?
True
Does 8257 divide 152339579?
False
Does 2 divide 755922560?
True
Is 172675932 a multiple of 2444?
True
Is 524913568 a multiple of 372?
False
Is 1587410397 a multiple of 93?
True
Does 294 divide 42169008?
True
Is 43258400 a multiple of 9?
False
Is 99425366 a multiple of 10?
False
Is 9590728 a multiple of 8?
True
Is 358 a factor of 39122736?
False
Is 56 a factor of 42487928?
True
Is 191756412 a multiple of 968?
False
Is 4732 a factor of 4104035208?
True
Does 93 divide 299034060?
True
Does 37 divide 386589949?
True
Is 771864478 a multiple of 803?
True
Does 59 divide 176729308?
True
Is 61 a factor of 63563111?
False
Does 10798 divide 3448080493?
False
Is 226014221 a multiple of 2065?
False
Does 3124 divide 1143737897?
False
Is 2894 a factor of 602116958?
True
Is 255 a factor of 60101205?
True
Is 386 a factor of 48468783?
False
Does 1801 divide 107279069?
False
Is 1968 a factor of 116537088?
True
Is 257 a factor of 31335041?
False
Does 1042 divide 538993256?
True
Is 11 a factor of 147266658?
True
Is 405494942 a multiple of 403?
False
Does 204 divide 182032752?
False
Does 1576 divide 65725504?
True
Is 922 a factor of 249722778?
True
Does 962 divide 55943186?
True
Does 7 divide 1050371?
True
Is 584479720 a multiple of 55?
True
Does 12 divide 284531988?
True
Does 671 divide 1746352?
False
Is 28 a factor of 4664253?
False
Is 812 a factor of 3403148329?
False
Does 2 divide 62753287?
False
Does 9 divide 24838463?
False
Does 28 divide 14112081?
False
Is 82 a factor of 106495860?
True
Is 282 a factor of 66261822?
True
Is 234274544 a multiple of 14?
True
Is 9156155 a multiple of 5?
True
Does 133 divide 111826602?
False
Does 461 divide 162309928?
False
Is 14288608 a multiple of 83?
False
Does 61 divide 151113714?
True
Is 9193 a factor of 281409612?
False
Does 34 divide 596964464?
False
Is 206132334 a multiple of 160?
False
Does 16 divide 683354144?
True
Is 23 a factor of 150448205?
False
Is 30218312 a multiple of 41?
True
Is 829435887 a multiple of 131?
False
Does 520 divide 351730226?
False
Is 4 a factor of 19249134?
False
Does 465 divide 133898464?
False
Does 707 divide 19566932?
True
Does 2159 divide 17145770?
False
Is 30681876 a multiple of 146?
False
Is 62140757 a multiple of 357?
False
Is 59352399 a multiple of 141?
True
Does 412 divide 117606224?
True
Is 213442804 a multiple of 5670?
False
Is 305 a factor of 160400342?
False
Does 13 divide 34003827?
True
Does 26 divide 8767099?
False
Is 78878202 a multiple of 754?
True
Does 2348 divide 374975600?
True
Does 7 divide 132935479?
False
Is 328 a factor of 30008720?
True
Is 1040425039 a multiple of 68?
False
Is 66699740 a multiple of 227?
False
Is 2483 a factor of 121259788?
True
Is 837721860 a multiple of 2215?
True
Does 451 divide 999539123?
True
Does 1509 divide 466744263?
True
Does 3671 divide 49706280?
False
Is 14490192 a multiple of 48?
True
Is 106159